{"id":57,"date":"2024-12-22T12:15:46","date_gmt":"2024-12-22T11:15:46","guid":{"rendered":"https:\/\/launay-quinard.ovh\/?page_id=57"},"modified":"2026-02-23T18:51:21","modified_gmt":"2026-02-23T17:51:21","slug":"appartement-au-coeur-de-lintra-muros","status":"publish","type":"page","link":"https:\/\/launay-quinard.ovh\/index.php\/appartement-au-coeur-de-lintra-muros\/","title":{"rendered":"Appartement cosy au c\u0153ur d\u2019Intra-Muros"},"content":{"rendered":"\n<p>Location de 2 \u00e0 4 personnes tout neuf.<\/p>\n\n\n\n<p>Appartement T1 bis de 35 m\u00b2, situ\u00e9 au rez-de-chauss\u00e9e d\u2019un immeuble en pierre, dans la ville close de Saint-Malo. Id\u00e9alement plac\u00e9 \u00e0 seulement 50 m\u00e8tres de la plage de Bon-Secours, des remparts et des commerces, il b\u00e9n\u00e9ficie d\u2019une localisation centrale tout en \u00e9tant pr\u00e9serv\u00e9 de l\u2019agitation.<\/p>\n\n\n\n<div class=\"wp-block-columns alignwide is-layout-flex wp-container-core-columns-is-layout-9d6595d7 wp-block-columns-is-layout-flex\">\n<div class=\"wp-block-column is-layout-flow wp-block-column-is-layout-flow\">\n<figure data-wp-context=\"{&quot;imageId&quot;:&quot;69da230c7a29c&quot;}\" data-wp-interactive=\"core\/image\" data-wp-key=\"69da230c7a29c\" class=\"wp-block-image size-large wp-lightbox-container\"><img loading=\"lazy\" decoding=\"async\" width=\"1024\" height=\"683\" data-wp-class--hide=\"state.isContentHidden\" data-wp-class--show=\"state.isContentVisible\" data-wp-init=\"callbacks.setButtonStyles\" data-wp-on--click=\"actions.showLightbox\" data-wp-on--load=\"callbacks.setButtonStyles\" data-wp-on-window--resize=\"callbacks.setButtonStyles\" src=\"http:\/\/launay-quinard.ovh\/wp-content\/uploads\/2024\/12\/IntraRDC_Salon1-1024x683.jpg\" alt=\"\" class=\"wp-image-79\" srcset=\"https:\/\/launay-quinard.ovh\/wp-content\/uploads\/2024\/12\/IntraRDC_Salon1-1024x683.jpg 1024w, https:\/\/launay-quinard.ovh\/wp-content\/uploads\/2024\/12\/IntraRDC_Salon1-300x200.jpg 300w, https:\/\/launay-quinard.ovh\/wp-content\/uploads\/2024\/12\/IntraRDC_Salon1-768x512.jpg 768w, https:\/\/launay-quinard.ovh\/wp-content\/uploads\/2024\/12\/IntraRDC_Salon1-1536x1024.jpg 1536w, https:\/\/launay-quinard.ovh\/wp-content\/uploads\/2024\/12\/IntraRDC_Salon1-892x594.jpg 892w, https:\/\/launay-quinard.ovh\/wp-content\/uploads\/2024\/12\/IntraRDC_Salon1-150x100.jpg 150w, https:\/\/launay-quinard.ovh\/wp-content\/uploads\/2024\/12\/IntraRDC_Salon1.jpg 2048w\" sizes=\"auto, (max-width: 1024px) 100vw, 1024px\" \/><button\n\t\t\tclass=\"lightbox-trigger\"\n\t\t\ttype=\"button\"\n\t\t\taria-haspopup=\"dialog\"\n\t\t\taria-label=\"Agrandir\"\n\t\t\tdata-wp-init=\"callbacks.initTriggerButton\"\n\t\t\tdata-wp-on--click=\"actions.showLightbox\"\n\t\t\tdata-wp-style--right=\"state.imageButtonRight\"\n\t\t\tdata-wp-style--top=\"state.imageButtonTop\"\n\t\t>\n\t\t\t<svg xmlns=\"http:\/\/www.w3.org\/2000\/svg\" width=\"12\" height=\"12\" fill=\"none\" viewBox=\"0 0 12 12\">\n\t\t\t\t<path fill=\"#fff\" d=\"M2 0a2 2 0 0 0-2 2v2h1.5V2a.5.5 0 0 1 .5-.5h2V0H2Zm2 10.5H2a.5.5 0 0 1-.5-.5V8H0v2a2 2 0 0 0 2 2h2v-1.5ZM8 12v-1.5h2a.5.5 0 0 0 .5-.5V8H12v2a2 2 0 0 1-2 2H8Zm2-12a2 2 0 0 1 2 2v2h-1.5V2a.5.5 0 0 0-.5-.5H8V0h2Z\" \/>\n\t\t\t<\/svg>\n\t\t<\/button><\/figure>\n<\/div>\n\n\n\n<div class=\"wp-block-column is-layout-flow wp-block-column-is-layout-flow\">\n<figure data-wp-context=\"{&quot;imageId&quot;:&quot;69da230c7a9ec&quot;}\" data-wp-interactive=\"core\/image\" data-wp-key=\"69da230c7a9ec\" class=\"wp-block-image size-large wp-lightbox-container\"><img loading=\"lazy\" decoding=\"async\" width=\"1024\" height=\"683\" data-wp-class--hide=\"state.isContentHidden\" data-wp-class--show=\"state.isContentVisible\" data-wp-init=\"callbacks.setButtonStyles\" data-wp-on--click=\"actions.showLightbox\" data-wp-on--load=\"callbacks.setButtonStyles\" data-wp-on-window--resize=\"callbacks.setButtonStyles\" src=\"http:\/\/launay-quinard.ovh\/wp-content\/uploads\/2024\/12\/IntraRDC_Cuisine2-1024x683.jpg\" alt=\"\" class=\"wp-image-73\" srcset=\"https:\/\/launay-quinard.ovh\/wp-content\/uploads\/2024\/12\/IntraRDC_Cuisine2-1024x683.jpg 1024w, https:\/\/launay-quinard.ovh\/wp-content\/uploads\/2024\/12\/IntraRDC_Cuisine2-300x200.jpg 300w, https:\/\/launay-quinard.ovh\/wp-content\/uploads\/2024\/12\/IntraRDC_Cuisine2-768x512.jpg 768w, https:\/\/launay-quinard.ovh\/wp-content\/uploads\/2024\/12\/IntraRDC_Cuisine2-1536x1024.jpg 1536w, https:\/\/launay-quinard.ovh\/wp-content\/uploads\/2024\/12\/IntraRDC_Cuisine2-892x594.jpg 892w, https:\/\/launay-quinard.ovh\/wp-content\/uploads\/2024\/12\/IntraRDC_Cuisine2-150x100.jpg 150w, https:\/\/launay-quinard.ovh\/wp-content\/uploads\/2024\/12\/IntraRDC_Cuisine2.jpg 2048w\" sizes=\"auto, (max-width: 1024px) 100vw, 1024px\" \/><button\n\t\t\tclass=\"lightbox-trigger\"\n\t\t\ttype=\"button\"\n\t\t\taria-haspopup=\"dialog\"\n\t\t\taria-label=\"Agrandir\"\n\t\t\tdata-wp-init=\"callbacks.initTriggerButton\"\n\t\t\tdata-wp-on--click=\"actions.showLightbox\"\n\t\t\tdata-wp-style--right=\"state.imageButtonRight\"\n\t\t\tdata-wp-style--top=\"state.imageButtonTop\"\n\t\t>\n\t\t\t<svg xmlns=\"http:\/\/www.w3.org\/2000\/svg\" width=\"12\" height=\"12\" fill=\"none\" viewBox=\"0 0 12 12\">\n\t\t\t\t<path fill=\"#fff\" d=\"M2 0a2 2 0 0 0-2 2v2h1.5V2a.5.5 0 0 1 .5-.5h2V0H2Zm2 10.5H2a.5.5 0 0 1-.5-.5V8H0v2a2 2 0 0 0 2 2h2v-1.5ZM8 12v-1.5h2a.5.5 0 0 0 .5-.5V8H12v2a2 2 0 0 1-2 2H8Zm2-12a2 2 0 0 1 2 2v2h-1.5V2a.5.5 0 0 0-.5-.5H8V0h2Z\" \/>\n\t\t\t<\/svg>\n\t\t<\/button><\/figure>\n<\/div>\n<\/div>\n\n\n\n<p><\/p>\n\n\n\n<p>L\u2019appartement se compose de trois pi\u00e8ces :<br> \u25cb une salle de bain ind\u00e9pendante avec WC, lavabo et douche.<br> \u25cb une chambre confortable avec lit double (140 cm) et penderie.<br> \u25cb une pi\u00e8ce principale avec cuisine tout \u00e9quip\u00e9e (plaques de cuisson, micro-ondes, r\u00e9frig\u00e9rateur, vaisselle compl\u00e8te) ouverte sur le s\u00e9jour.<\/p>\n\n\n\n<p>Le s\u00e9jour comprend une table pour 4 personnes, un canap\u00e9 2 places (non convertible), et une t\u00e9l\u00e9vision \u00e9cran plat. Lit et chaise b\u00e9b\u00e9 sur demande.<\/p>\n\n\n\n<p>\u00c0 l\u2019\u00e9tage, une mezzanine avec deux fauteuils et une cabine style bateau abrite un lit double (140 cm).<\/p>\n\n\n\n<p>L\u2019appartement est lumineux gr\u00e2ce \u00e0 une grande baie vitr\u00e9e expos\u00e9e au sud, \u00e9quip\u00e9e de volets roulants \u00e9lectriques. Il est situ\u00e9 dans une rue adjacente de la rue principale et des remparts. Parking public payant. Zone de parking autour de la vieille ville \u00e0&nbsp; petits prix.<\/p>\n\n\n\n<p>Cet appartement est parfait pour explorer Saint-Malo \u00e0 pied et vivre pleinement l\u2019ambiance de la cit\u00e9 corsaire. Laissez-vous s\u00e9duire par sa luminosit\u00e9, son charme et son confort, pour un s\u00e9jour m\u00e9morable au c\u0153ur de cette ville historique.<\/p>\n\n\n\n<p><strong>Local \u00e0 v\u00e9los priv\u00e9<\/strong><br><strong>Acc\u00e8s wifi gratuit<\/strong><br><strong>Chauffage inclus<\/strong><\/p>\n\n\n\n<div class=\"wp-block-getwid-images-slider has-arrows-inside has-dots-inside has-images-center has-cropped-images has-fixed-height alignwide\"><div class=\"wp-block-getwid-images-slider__wrapper\" data-effect=\"slide\" data-slides-show=\"1\" data-slides-show-laptop=\"1\" data-slides-show-tablet=\"1\" data-slides-show-mobile=\"1\" data-slides-scroll=\"1\" data-autoplay=\"true\" data-pause-hover=\"true\" data-autoplay-speed=\"6000\" data-infinite=\"true\" data-animation-speed=\"800\" data-center-mode=\"false\" data-variable-width=\"false\" data-arrows=\"inside\" data-dots=\"inside\" data-spacing=\"none\"><div class=\"wp-block-getwid-images-slider__item getwid-reset-height-tablet getwid-reset-height-mobile\" style=\"height:600px\"><figure><img loading=\"lazy\" decoding=\"async\" width=\"2048\" height=\"1365\" src=\"http:\/\/launay-quinard.ovh\/wp-content\/uploads\/2024\/12\/IntraRDC_Salon3.jpg\" data-id=\"81\" data-link=\"https:\/\/launay-quinard.ovh\/discarded_img0scene2-9\/\" data-original-link=\"http:\/\/launay-quinard.ovh\/wp-content\/uploads\/2024\/12\/IntraRDC_Salon3.jpg\" class=\"wp-block-getwid-images-slider__image wp-image-81\" srcset=\"https:\/\/launay-quinard.ovh\/wp-content\/uploads\/2024\/12\/IntraRDC_Salon3.jpg 2048w, https:\/\/launay-quinard.ovh\/wp-content\/uploads\/2024\/12\/IntraRDC_Salon3-300x200.jpg 300w, https:\/\/launay-quinard.ovh\/wp-content\/uploads\/2024\/12\/IntraRDC_Salon3-1024x683.jpg 1024w, https:\/\/launay-quinard.ovh\/wp-content\/uploads\/2024\/12\/IntraRDC_Salon3-768x512.jpg 768w, https:\/\/launay-quinard.ovh\/wp-content\/uploads\/2024\/12\/IntraRDC_Salon3-1536x1024.jpg 1536w, https:\/\/launay-quinard.ovh\/wp-content\/uploads\/2024\/12\/IntraRDC_Salon3-892x594.jpg 892w, https:\/\/launay-quinard.ovh\/wp-content\/uploads\/2024\/12\/IntraRDC_Salon3-150x100.jpg 150w\" sizes=\"auto, (max-width: 2048px) 100vw, 2048px\" \/><\/figure><\/div><div class=\"wp-block-getwid-images-slider__item getwid-reset-height-tablet getwid-reset-height-mobile\" style=\"height:600px\"><figure><img loading=\"lazy\" decoding=\"async\" width=\"2048\" height=\"1365\" src=\"http:\/\/launay-quinard.ovh\/wp-content\/uploads\/2024\/12\/IntraRDC_Salon2.jpg\" data-id=\"80\" data-link=\"https:\/\/launay-quinard.ovh\/intrardc_salon2\/\" data-original-link=\"http:\/\/launay-quinard.ovh\/wp-content\/uploads\/2024\/12\/IntraRDC_Salon2.jpg\" class=\"wp-block-getwid-images-slider__image wp-image-80\" srcset=\"https:\/\/launay-quinard.ovh\/wp-content\/uploads\/2024\/12\/IntraRDC_Salon2.jpg 2048w, https:\/\/launay-quinard.ovh\/wp-content\/uploads\/2024\/12\/IntraRDC_Salon2-300x200.jpg 300w, https:\/\/launay-quinard.ovh\/wp-content\/uploads\/2024\/12\/IntraRDC_Salon2-1024x683.jpg 1024w, https:\/\/launay-quinard.ovh\/wp-content\/uploads\/2024\/12\/IntraRDC_Salon2-768x512.jpg 768w, https:\/\/launay-quinard.ovh\/wp-content\/uploads\/2024\/12\/IntraRDC_Salon2-1536x1024.jpg 1536w, https:\/\/launay-quinard.ovh\/wp-content\/uploads\/2024\/12\/IntraRDC_Salon2-892x594.jpg 892w, https:\/\/launay-quinard.ovh\/wp-content\/uploads\/2024\/12\/IntraRDC_Salon2-150x100.jpg 150w\" sizes=\"auto, (max-width: 2048px) 100vw, 2048px\" \/><\/figure><\/div><div class=\"wp-block-getwid-images-slider__item getwid-reset-height-tablet getwid-reset-height-mobile\" style=\"height:600px\"><figure><img loading=\"lazy\" decoding=\"async\" width=\"2048\" height=\"1365\" src=\"http:\/\/launay-quinard.ovh\/wp-content\/uploads\/2024\/12\/IntraRDC_Chambre1.jpg\" data-id=\"71\" data-link=\"https:\/\/launay-quinard.ovh\/intrardc_chambre1\/\" data-original-link=\"http:\/\/launay-quinard.ovh\/wp-content\/uploads\/2024\/12\/IntraRDC_Chambre1.jpg\" class=\"wp-block-getwid-images-slider__image wp-image-71\" srcset=\"https:\/\/launay-quinard.ovh\/wp-content\/uploads\/2024\/12\/IntraRDC_Chambre1.jpg 2048w, https:\/\/launay-quinard.ovh\/wp-content\/uploads\/2024\/12\/IntraRDC_Chambre1-300x200.jpg 300w, https:\/\/launay-quinard.ovh\/wp-content\/uploads\/2024\/12\/IntraRDC_Chambre1-1024x683.jpg 1024w, https:\/\/launay-quinard.ovh\/wp-content\/uploads\/2024\/12\/IntraRDC_Chambre1-768x512.jpg 768w, https:\/\/launay-quinard.ovh\/wp-content\/uploads\/2024\/12\/IntraRDC_Chambre1-1536x1024.jpg 1536w, https:\/\/launay-quinard.ovh\/wp-content\/uploads\/2024\/12\/IntraRDC_Chambre1-892x594.jpg 892w, https:\/\/launay-quinard.ovh\/wp-content\/uploads\/2024\/12\/IntraRDC_Chambre1-150x100.jpg 150w\" sizes=\"auto, (max-width: 2048px) 100vw, 2048px\" \/><\/figure><\/div><div class=\"wp-block-getwid-images-slider__item getwid-reset-height-tablet getwid-reset-height-mobile\" style=\"height:600px\"><figure><img loading=\"lazy\" decoding=\"async\" width=\"2560\" height=\"1705\" src=\"http:\/\/launay-quinard.ovh\/wp-content\/uploads\/2024\/12\/IntraRDC_Cuisine3_Paysage-scaled.jpg\" data-id=\"284\" data-link=\"https:\/\/launay-quinard.ovh\/intrardc_cuisine3_paysage\/\" data-original-link=\"http:\/\/launay-quinard.ovh\/wp-content\/uploads\/2024\/12\/IntraRDC_Cuisine3_Paysage-scaled.jpg\" class=\"wp-block-getwid-images-slider__image wp-image-284\" srcset=\"https:\/\/launay-quinard.ovh\/wp-content\/uploads\/2024\/12\/IntraRDC_Cuisine3_Paysage-scaled.jpg 2560w, https:\/\/launay-quinard.ovh\/wp-content\/uploads\/2024\/12\/IntraRDC_Cuisine3_Paysage-300x200.jpg 300w, https:\/\/launay-quinard.ovh\/wp-content\/uploads\/2024\/12\/IntraRDC_Cuisine3_Paysage-1024x682.jpg 1024w, https:\/\/launay-quinard.ovh\/wp-content\/uploads\/2024\/12\/IntraRDC_Cuisine3_Paysage-768x511.jpg 768w, https:\/\/launay-quinard.ovh\/wp-content\/uploads\/2024\/12\/IntraRDC_Cuisine3_Paysage-1536x1023.jpg 1536w, https:\/\/launay-quinard.ovh\/wp-content\/uploads\/2024\/12\/IntraRDC_Cuisine3_Paysage-2048x1364.jpg 2048w, https:\/\/launay-quinard.ovh\/wp-content\/uploads\/2024\/12\/IntraRDC_Cuisine3_Paysage-892x594.jpg 892w, https:\/\/launay-quinard.ovh\/wp-content\/uploads\/2024\/12\/IntraRDC_Cuisine3_Paysage-150x100.jpg 150w\" sizes=\"auto, (max-width: 2560px) 100vw, 2560px\" \/><\/figure><\/div><div class=\"wp-block-getwid-images-slider__item getwid-reset-height-tablet getwid-reset-height-mobile\" style=\"height:600px\"><figure><img loading=\"lazy\" decoding=\"async\" width=\"2048\" height=\"1365\" src=\"http:\/\/launay-quinard.ovh\/wp-content\/uploads\/2024\/12\/IntraRDC_Cuisine1.jpg\" data-id=\"72\" data-link=\"https:\/\/launay-quinard.ovh\/intrardc_cuisine1\/\" data-original-link=\"http:\/\/launay-quinard.ovh\/wp-content\/uploads\/2024\/12\/IntraRDC_Cuisine1.jpg\" class=\"wp-block-getwid-images-slider__image wp-image-72\" srcset=\"https:\/\/launay-quinard.ovh\/wp-content\/uploads\/2024\/12\/IntraRDC_Cuisine1.jpg 2048w, https:\/\/launay-quinard.ovh\/wp-content\/uploads\/2024\/12\/IntraRDC_Cuisine1-300x200.jpg 300w, https:\/\/launay-quinard.ovh\/wp-content\/uploads\/2024\/12\/IntraRDC_Cuisine1-1024x683.jpg 1024w, https:\/\/launay-quinard.ovh\/wp-content\/uploads\/2024\/12\/IntraRDC_Cuisine1-768x512.jpg 768w, https:\/\/launay-quinard.ovh\/wp-content\/uploads\/2024\/12\/IntraRDC_Cuisine1-1536x1024.jpg 1536w, https:\/\/launay-quinard.ovh\/wp-content\/uploads\/2024\/12\/IntraRDC_Cuisine1-892x594.jpg 892w, https:\/\/launay-quinard.ovh\/wp-content\/uploads\/2024\/12\/IntraRDC_Cuisine1-150x100.jpg 150w\" sizes=\"auto, (max-width: 2048px) 100vw, 2048px\" \/><\/figure><\/div><div class=\"wp-block-getwid-images-slider__item getwid-reset-height-tablet getwid-reset-height-mobile\" style=\"height:600px\"><figure><img loading=\"lazy\" decoding=\"async\" width=\"640\" height=\"480\" src=\"http:\/\/launay-quinard.ovh\/wp-content\/uploads\/2024\/12\/IntraRDC_Mezzanine1.jpg\" data-id=\"76\" data-link=\"https:\/\/launay-quinard.ovh\/intrardc_mezzanine1\/\" data-original-link=\"http:\/\/launay-quinard.ovh\/wp-content\/uploads\/2024\/12\/IntraRDC_Mezzanine1.jpg\" class=\"wp-block-getwid-images-slider__image wp-image-76\" srcset=\"https:\/\/launay-quinard.ovh\/wp-content\/uploads\/2024\/12\/IntraRDC_Mezzanine1.jpg 640w, https:\/\/launay-quinard.ovh\/wp-content\/uploads\/2024\/12\/IntraRDC_Mezzanine1-300x225.jpg 300w\" sizes=\"auto, (max-width: 640px) 100vw, 640px\" \/><\/figure><\/div><div class=\"wp-block-getwid-images-slider__item getwid-reset-height-tablet getwid-reset-height-mobile\" style=\"height:600px\"><figure><img loading=\"lazy\" decoding=\"async\" width=\"2560\" height=\"1920\" src=\"http:\/\/launay-quinard.ovh\/wp-content\/uploads\/2024\/12\/IntraRDC_SalleDeBains1-scaled.jpg\" data-id=\"78\" data-link=\"https:\/\/launay-quinard.ovh\/olympus-digital-camera-6\/\" data-original-link=\"http:\/\/launay-quinard.ovh\/wp-content\/uploads\/2024\/12\/IntraRDC_SalleDeBains1-scaled.jpg\" class=\"wp-block-getwid-images-slider__image wp-image-78\" srcset=\"https:\/\/launay-quinard.ovh\/wp-content\/uploads\/2024\/12\/IntraRDC_SalleDeBains1-scaled.jpg 2560w, https:\/\/launay-quinard.ovh\/wp-content\/uploads\/2024\/12\/IntraRDC_SalleDeBains1-300x225.jpg 300w, https:\/\/launay-quinard.ovh\/wp-content\/uploads\/2024\/12\/IntraRDC_SalleDeBains1-1024x768.jpg 1024w, https:\/\/launay-quinard.ovh\/wp-content\/uploads\/2024\/12\/IntraRDC_SalleDeBains1-768x576.jpg 768w, https:\/\/launay-quinard.ovh\/wp-content\/uploads\/2024\/12\/IntraRDC_SalleDeBains1-1536x1152.jpg 1536w, https:\/\/launay-quinard.ovh\/wp-content\/uploads\/2024\/12\/IntraRDC_SalleDeBains1-2048x1536.jpg 2048w, https:\/\/launay-quinard.ovh\/wp-content\/uploads\/2024\/12\/IntraRDC_SalleDeBains1-892x669.jpg 892w\" sizes=\"auto, (max-width: 2560px) 100vw, 2560px\" \/><\/figure><\/div><div class=\"wp-block-getwid-images-slider__item getwid-reset-height-tablet getwid-reset-height-mobile\" style=\"height:600px\"><figure><img loading=\"lazy\" decoding=\"async\" width=\"2560\" height=\"1920\" src=\"http:\/\/launay-quinard.ovh\/wp-content\/uploads\/2024\/12\/IntraRDC_Exterieur1-scaled.jpg\" data-id=\"75\" data-link=\"https:\/\/launay-quinard.ovh\/olympus-digital-camera-5\/\" data-original-link=\"http:\/\/launay-quinard.ovh\/wp-content\/uploads\/2024\/12\/IntraRDC_Exterieur1-scaled.jpg\" class=\"wp-block-getwid-images-slider__image wp-image-75\" srcset=\"https:\/\/launay-quinard.ovh\/wp-content\/uploads\/2024\/12\/IntraRDC_Exterieur1-scaled.jpg 2560w, https:\/\/launay-quinard.ovh\/wp-content\/uploads\/2024\/12\/IntraRDC_Exterieur1-300x225.jpg 300w, https:\/\/launay-quinard.ovh\/wp-content\/uploads\/2024\/12\/IntraRDC_Exterieur1-1024x768.jpg 1024w, https:\/\/launay-quinard.ovh\/wp-content\/uploads\/2024\/12\/IntraRDC_Exterieur1-768x576.jpg 768w, https:\/\/launay-quinard.ovh\/wp-content\/uploads\/2024\/12\/IntraRDC_Exterieur1-1536x1152.jpg 1536w, https:\/\/launay-quinard.ovh\/wp-content\/uploads\/2024\/12\/IntraRDC_Exterieur1-2048x1536.jpg 2048w, https:\/\/launay-quinard.ovh\/wp-content\/uploads\/2024\/12\/IntraRDC_Exterieur1-892x669.jpg 892w\" sizes=\"auto, (max-width: 2560px) 100vw, 2560px\" \/><\/figure><\/div><\/div><\/div>\n\n\n\n<h2 class=\"wp-block-heading\">Acc\u00e8s<\/h2>\n\n\n\n<iframe src=\"https:\/\/www.google.com\/maps\/embed?pb=!1m18!1m12!1m3!1d2636.002064217529!2d-2.029901087401039!3d48.64807571536374!2m3!1f0!2f0!3f0!3m2!1i1024!2i768!4f13.1!3m3!1m2!1s0x480e811a79e45629%3A0xc9b35335408b8775!2s9%20Rue%20de%20la%20Pie%20Qui%20Boit%2C%2035400%20Saint-Malo!5e0!3m2!1sfr!2sfr!4v1734861647257!5m2!1sfr!2sfr\" width=\"600\" height=\"450\" style=\"border:0;\" allowfullscreen=\"\" loading=\"lazy\" referrerpolicy=\"no-referrer-when-downgrade\"><\/iframe>\n\n\n\n<h2 class=\"wp-block-heading\">Tarifs 2026<\/h2>\n\n\n\n<figure class=\"wp-block-table\"><table class=\"has-fixed-layout\"><thead><tr><th class=\"has-text-align-center\" data-align=\"center\"><\/th><th class=\"has-text-align-center\" data-align=\"center\">Tr\u00e8s Haute Saison<\/th><th class=\"has-text-align-center\" data-align=\"center\">Haute Saison<\/th><th class=\"has-text-align-center\" data-align=\"center\">Moyenne Saison<\/th><th class=\"has-text-align-center\" data-align=\"center\">Basse Saison<\/th><\/tr><\/thead><tbody><tr><td class=\"has-text-align-center\" data-align=\"center\">Semaine<\/td><td class=\"has-text-align-center\" data-align=\"center\">880 \u20ac \u00e0 930 \u20ac<\/td><td class=\"has-text-align-center\" data-align=\"center\">850 \u20ac<\/td><td class=\"has-text-align-center\" data-align=\"center\">750 \u20ac<\/td><td class=\"has-text-align-center\" data-align=\"center\">670 \u20ac<\/td><\/tr><\/tbody><\/table><\/figure>\n\n\n\n<p><\/p>\n\n\n\n<p>* Week-end ou courts s\u00e9jours sur demande<br>Prix pour 2 nuits : \u00e0 partir de 250 \u20ac<br>Prix pour 3 nuits : \u00e0 partir de 350 \u20ac<\/p>\n\n\n\n<p><strong>Options possibles<\/strong><br> \u25cb Forfait m\u00e9nage fin de s\u00e9jour : 50 \u20ac<br> \u25cb Location de draps : 16 \u20ac par Lit<br> \u25cb Location de linge de toilettes : 9 \u20ac par personne<\/p>\n\n\n\n<p><strong>Ch\u00e8ques vacances accept\u00e9s<\/strong><\/p>\n\n\n\n<p><strong>Taxe de s\u00e9jour non comprise<\/strong> : 1,35 \u20ac par personne et par jour<\/p>\n\n\n\n<p><strong>Route du Rhum  2026<\/strong><\/p>\n\n\n\n<p>Du 18 au 26  octobre 2026 matin : 160 \u20ac la nuit<\/p>\n\n\n\n<p>Du 26 octobre au 1 er novembre 2026 matin : 270 \u20ac la nuit minimum 4 nuits<\/p>\n\n\n\n<p><\/p>\n","protected":false},"excerpt":{"rendered":"<p>Location de 2 \u00e0 4 personnes tout neuf. Appartement T1 bis de 35 m\u00b2, situ\u00e9 au rez-de-chauss\u00e9e d\u2019un immeuble en pierre, dans la ville close de Saint-Malo. Id\u00e9alement plac\u00e9 \u00e0 seulement 50 m\u00e8tres de la plage de Bon-Secours, des remparts et des commerces, il b\u00e9n\u00e9ficie d\u2019une localisation centrale tout en \u00e9tant pr\u00e9serv\u00e9 de l\u2019agitation. L\u2019appartement [&hellip;]<\/p>\n","protected":false},"author":1,"featured_media":0,"parent":0,"menu_order":0,"comment_status":"closed","ping_status":"closed","template":"","meta":{"footnotes":""},"folder":[],"class_list":["post-57","page","type-page","status-publish","hentry"],"_links":{"self":[{"href":"https:\/\/launay-quinard.ovh\/index.php\/wp-json\/wp\/v2\/pages\/57","targetHints":{"allow":["GET"]}}],"collection":[{"href":"https:\/\/launay-quinard.ovh\/index.php\/wp-json\/wp\/v2\/pages"}],"about":[{"href":"https:\/\/launay-quinard.ovh\/index.php\/wp-json\/wp\/v2\/types\/page"}],"author":[{"embeddable":true,"href":"https:\/\/launay-quinard.ovh\/index.php\/wp-json\/wp\/v2\/users\/1"}],"replies":[{"embeddable":true,"href":"https:\/\/launay-quinard.ovh\/index.php\/wp-json\/wp\/v2\/comments?post=57"}],"version-history":[{"count":51,"href":"https:\/\/launay-quinard.ovh\/index.php\/wp-json\/wp\/v2\/pages\/57\/revisions"}],"predecessor-version":[{"id":527,"href":"https:\/\/launay-quinard.ovh\/index.php\/wp-json\/wp\/v2\/pages\/57\/revisions\/527"}],"wp:attachment":[{"href":"https:\/\/launay-quinard.ovh\/index.php\/wp-json\/wp\/v2\/media?parent=57"}],"wp:term":[{"taxonomy":"folder","embeddable":true,"href":"https:\/\/launay-quinard.ovh\/index.php\/wp-json\/wp\/v2\/folder?post=57"}],"curies":[{"name":"wp","href":"https:\/\/api.w.org\/{rel}","templated":true}]}}